 9.
-23180318
What is -158554 (base 10) in base 11?
-a9140
Convert -126531254 (base 7) to base 4.
-133110101123
What is 13304120 (base 5) in base 8?
407376
22202232 (base 4) to base 13
16869
-1241023402 (base 5) to base 2
-1011101100000110100011
What is 403561 (base 8) in base 6?
2503345
30b9a9 (base 16) to base 15
43123c
Convert 313012323 (base 4) to base 2.
110111000110111011
323724 (base 10) to base 13
b446b
Convert 13203130 (base 4) to base 12.
15aa4
626a4 (base 16) to base 12
175344
-122310 (base 4) to base 11
-1320
Convert -155112 (base 9) to base 4.
-113111213
68c1c6 (base 13) to base 9
4603853
What is b456 (base 16) in base 11?
3175a
-1000001100010100010 (base 2) to base 10
-268450
What is -179212 (base 10) in base 16?
-2bc0c
Convert -5adb34 (base 14) to base 11.
-1835502
Convert 437861 (base 13) to base 2.
110000011100111010001
Convert 3556032 (base 7) to base 16.
6e1fc
Convert -357045 (base 9) to base 15.
-43aeb
What is -1659940 (base 10) in base 12?
-680744
Convert 838772 (base 14) to base 4.
100330102300
What is -1001012122212 (base 3) in base 7?
-4501544
Convert -996509 (base 11) to base 8.
-6041104
34100521 (base 6) to base 7
11535514
What is 1a3c8 (base 16) in base 6?
2145304
What is 1416351 (base 7) in base 14?
4d0d1
Convert -188c46 (base 13) to base 14.
-121a5d
What is 37e661 (base 16) in base 9?
6803277
What is 212011223 (base 4) in base 7?
1216562
-41228 (base 15) to base 11
-131053
-18e91 (base 15) to base 13
-2aa9c
Convert 877011 (base 9) to base 13.
154330
What is -309b (base 15) in base 4?
-2200133
-100110010000100001 (base 2) to base 16
-26421
-221220012022 (base 3) to base 2
-1111100011100010010
-8310 (base 12) to base 13
-6657
What is -141415 (base 8) in base 6?
-1023101
-2c0598 (base 15) to base 3
-11000002101222
-4cd571 (base 14) to base 10
-2649039
Convert 234214 (base 5) to base 10.
8684
Convert -101001001110011001 (base 2) to base 6.
-3341425
What is 33320330030 (base 4) in base 2?
1111111000111100001100
303443322 (base 5) to base 2
100101101010100100100
What is 3855552 (base 11) in base 5?
3202333423
-18830 (base 12) to base 13
-1336b
11502230 (base 6) to base 16
595aa
What is -2133040303 (base 5) in base 2?
-10001011110010101011111
What is -11004143 (base 7) in base 2?
-11100110001000110100
-111434033 (base 5) to base 2
-1111001111001000100
What is 10001111111001111 (base 2) in base 6?
1325035
-60825 (base 9) to base 3
-2000220212
1261466 (base 9) to base 2
10101000011101100010
3a99c (base 14) to base 16
234ce
-2ab3178 (base 12) to base 10
-8693804
105551 (base 13) to base 2
1011101100011010101
What is -3106923 (base 11) in base 9?
-11278700
1275305 (base 10) to base 11
7a1179
375934 (base 11) to base 3
1010011000120
Convert 3c81db (base 14) to base 3.
10221112021110
Convert -34853 (base 11) to base 7.
-266366
What is -40622 (base 12) in base 9?
-136888
Convert -30230213 (base 5) to base 3.
-110022201122
-61878c (base 14) to base 7
-36645235
14243141 (base 8) to base 4
30110121201
What is -243213 (base 5) in base 16?
-23df
What is -ad1c06 (base 14) in base 7?
-101000606
Convert -8030884 (base 10) to base 7.
-125155441
Convert -11223321 (base 5) to base 14.
-290d1
Convert 27797 (base 13) to base 9.
122218
What is 43660 (base 13) in base 6?
2340251
10110101010011111010001 (base 2) to base 12
1ba6241
What is 447327 (base 10) in base 3?
211201121200
What is 296ab70 (base 13) in base 15?
1258496
Convert 32cb6 (base 13) to base 10.
92254
62463435 (base 8) to base 4
302212130131
-102000110212120 (base 3) to base 9
-12013776
What is -101001000001000 (base 2) in base 15?
-6350
329a4 (base 14) to base 3
20020020101
What is 14ab35 (base 12) in base 9?
584035
-35040 (base 9) to base 7
-125055
What is 178342 (base 11) in base 7?
2222366
What is 129328 (base 13) in base 11?
287156
What is 100011001101000110101 (base 2) in base 4?
10121220311
Convert -3350331 (base 7) to base 8.
-1453466
Convert 34621 (base 9) to base 5.
1214404
-3322033323 (base 4) to base 16
-fa3fb
What is 111ab (base 15) in base 3?
2202121022
What is -79953 (base 10) in base 7?
-452046
Convert -21a7d7 (base 16) to base 2.
-1000011010011111010111
What is -d9e31 (base 16) in base 12?
-370581
Convert c6962 (base 16) to base 5.
202012120
What is -305053 (base 9) in base 13?
-6440a
5ba128 (base 12) to base 4
11223230300
What is -4001124404 (base 5) in base 13?
-1813496
Convert -653892 (base 11) to base 3.
-1222001212220
What is b056b (base 14) in base 7?
3413064
What is 10015545 (base 6) in base 16?
44f99
What is 24500242 (base 6) in base 12?
31a682
882432 (base 11) to base 4
11113323031
What is 8da68 (base 14) in base 6?
11221244
What is b89dc (base 14) in base 10?
446486
What is 599795 (base 11) in base 3?
1210021002111
What is 1100111000011000 (base 2) in base 7?
306551
What is 111010100101111110011001 (base 2) in base 15?
1536132
Convert 51a3108 (base 11) to base 12.
30a2438
What is -79d508 (base 15) in base 8?
-26137702
-4b83ba (base 13) to base 11
-1031635
4478044 (base 9) to base 7
26342125
Convert 109c35 (base 13) to base 14.
a33b4
825996 (base 12) to base 15
2a5153
Convert -1702777 (base 9) to base 16.
-e72bf
Convert -1726139 (base 11) to base 14.
-566153
Convert 133301120 (base 6) to base 15.
37ee59
What is -83151 (base 10) in base 7?
-464265
-109278 (base 14) to base 4
-2021131022
What is 178a369 (base 12) in base 7?
56514132
What is -102b1 (base 14) in base 10?
-38963
2362265 (base 7) to base 16
4979c
-84616 (base 9) to base 13
-1c5a5
What is -929609 (base 10) in base 7?
-10621142
-2a88 (base 15) to base 3
-110112002
Convert -12322122 (base 8) to base 13.
-747224
Convert -111002012112111 (base 3) to base 14.
-ccd811
-1424670 (base 9) to base 6
-24450400
What is -2388953 (base 11) in base 12?
-1484766
1565543 (base 7) to base 2
110101001111100001
Convert 20000221122 (base 3) to base 12.
588b2
Convert -1122203301 (base 4) to base 2.
-1011010100011110001
What is 1321086 (base 9) in base 3?
1100201002220
What is 32036231 (base 7) in base 15?
389808
What is -113222 (base 6) in base 10?
-9806
Convert -28d02 (base 14) to base 6.
-2101050
64cce7 (base 15) to base 14
8d00bd
-22000002011021 (base 3) to base 8
-20162655
-2346403 (base 11) to base 12
-1454994
-11235110 (base 6) to base 11
-217905
Convert -2053103 (base 6) to base 15.
-1eb89
Convert -b6384a (base 14) to base 13.
-1377273
What is 563700 (base 9) in base 14?
8ad37
Convert 392c6a (base 14) to base 3.
10200221102102
What is 483612 (base 9) in base 12?
120748
What is 5505012 (base 7) in base 13?
1a7a26
What is 167956 (base 10) in base 7?
1266445
Convert -4245175 (base 8) to base 7.
-12426510
Convert 513005 (base 8) to base 10.
169477
Convert 712376a (base 11) to base 2.
110000000011001111010000
-320202020 (base 4) to base 12
-b2008
Convert 445163 (base 7) to base 6.
1404025
Convert -126004553 (base 7) to base 15.
-aa5b5b
d7b9 (base 15) to base 11
31307
120131033222 (base 4) to base 11
3689952
Convert -10110001011100101100 (base 2) to base 3.
-1100221000120
Convert -201447 (base 9) to base 15.
-254b4
849193 (base 14) to base 2
10001000110000011111101
Convert 7236318 (base 10) to base 12.
250b826
What is -3342121300 (base 5) in base 15?
-9ab81a
What is -613163 (base 9) in base 3?
-200110012010
What is 26350641 (base 7) in base 2?
1001001101110001110001
What is -815763 (base 15) in base 5?
-3033103133
Convert 1073c6 (base 14) to base 12.
22a96a
Convert 35a80a (base 15) to base 13.
6bb42c
What is 10000211210010 (base 3) in base 16?
1894b3
69816 (base 13) to base 15
3c090
-88013 (base 10) to base 5
-10304023
What is 12121320303 (base 4) in base 8?
6317063
Convert 1423413132 (base 5) to base 11.
211a143
-bab8d (base 14) to base 4
-1232123021
What is 11042332 (base 6) in base 4?
1101020300
What is -103012321013 (base 4) in base 12?
-181685b
What is 13dab (base 16) in base 9?
133488
What is -134855 (base 9) in base 10?
-82346
Convert b2841 (base 14) to base 4.
1220321321
Convert 41553233 (base 7) to base 15.
494a92
What is 1219 (base 14) in base 15?
e09
96553e (base 15) to base 11
4048602
Convert 3bad81 (base 15) to base 7.
33260404
What is -145355412 (base 6) in base 7?
-35020004
2250175 (base 9) to base 8
4502756
Convert 17709b (base 13) to base 10.
586727
What is 23131442 (base 5) in base 12?
a0704
W